{"id":127,"date":"2024-07-06T04:41:21","date_gmt":"2024-07-06T04:41:21","guid":{"rendered":"https:\/\/www.hellbachseiten.de\/?page_id=127"},"modified":"2024-07-06T04:47:42","modified_gmt":"2024-07-06T04:47:42","slug":"bemerkenswerte-parallelen","status":"publish","type":"page","link":"https:\/\/www.hellbachseiten.de\/?page_id=127","title":{"rendered":"Bemerkenswerte Parallelen"},"content":{"rendered":"\n<p><a href=\"https:\/\/www.drensteinfurtwehrtsich.de\">https:\/\/www.drensteinfurtwehrtsich.de<\/a><br><br><\/p>\n\n\n\n<h1 class=\"wp-block-heading\">Das Wehr bleibt, die Vernunft hat gesiegt<\/h1>\n\n\n\n<p>Wie der nachstehenden Presseinformation der Stadt Drensteinfurt zu entnehmen ist, ist die Planungsvariante 11 sowie alle anderen Varianten, die die Beseitigung der Stauanlage zum Gegenstand hatten, endlich vom Tisch.&nbsp; Zwei Planungsauftr\u00e4ge wurden vergeben und etliche Fachgutachten erstellt, ca.&nbsp; 400. 000.- \u20ac an Planungskosten versenkt, damit endlich auf die Erkenntnisse zur\u00fcckgegriffen wird,&nbsp; die die BI seit einem Jahr vortr\u00e4gt.&nbsp; Eine Frechheit ist in diesem Zusammenhang die&nbsp; in der Pressemitteilung erfolgte \u00c4u\u00dferung des B\u00fcrgermeisters, er habe kein Verst\u00e4ndnis daf\u00fcr, wie &#8222;einzelne Akteure im Zusammenhang mit den bisherigen Planungsschritten aufgetreten seien.&#8220;&nbsp; Erneut versucht er hier, die BI in unsachlicher und unkonkreter&nbsp; Weise anzugreifen, nachdem ihm seine&nbsp; beleidigende \u00c4u\u00dferung zum Thema &#8222;AFD-N\u00e4he&#8220; wohl nicht ausgereicht hat,&nbsp; Wenn er derartige Behauptungen in der \u00d6ffentlichkeit aufstellt, die sicherlich nicht dem Leitbild eines ordnungsgem\u00e4\u00df handelnden B\u00fcrgermeisters zuzuordnen&nbsp; sind, m\u00f6chte er bitte auch konkretisieren, von welchen Vorg\u00e4ngen er spricht.&nbsp; Allgemeines Blah, Blah, das einer Verifizierung nicht zug\u00e4nglich ist, verursacht nur &#8222;schlechte Luft&#8220; und schadet&nbsp; &nbsp;einer Verst\u00e4ndigung mit besorgten Mitb\u00fcrgen, die den Unsinn dieser Planung auch ohne kostenaufw\u00e4ndige&nbsp;Gutachten erkannt haben.<\/p>\n\n\n\n<p>Auch die Behauptung, &#8222;der Planungsansatz sei immer ergebnisoffen gewesen&#8220; ist realit\u00e4tsfremd. Hunderte von&nbsp; Drensteinfurter B\u00fcrgern haben&nbsp; im November 2023 geh\u00f6rt, wie der BM in der Dreingauhalle wiederholt und lautstark erkl\u00e4rte <strong>&#8220; das Wehr muss weg.&#8220;<\/strong> . Weiterhin erkl\u00e4rte er, dass die Stadt Drensteinfurt nur unter dieser Voraussetzung eine 80%-ige F\u00f6rderung erhalten werde. Schlussendlich betonte er zweimal im Verlauf der Informationsveranstaltung :<strong>&#8222;Ich ziehe das durch&#8220;.&nbsp;&nbsp;<\/strong>Ist das die Ank\u00fcndigung einer ergebnisoffenen Planung gewesen?<\/p>\n\n\n\n<p>Im &#8222;St\u00e4dtebaulichen Vertrag&#8220; legt er fest, dass entsprechend Planungsvariante 11&nbsp; das f\u00fcr Grundst\u00fccksenteignung zust\u00e4ndige Dezernat&nbsp; nach&nbsp; einem positiven Planfeststellungsbeschu\u00df beauftragt werden soll. &#8211; alles nat\u00fcrlich v\u00f6llig &#8222;ergebnisoffen&#8220;.&nbsp;<\/p>\n\n\n\n<p>Warum wurden in die Webseite der Stadt Drensteinfurt verf\u00e4lschte PDF-Dateien eingestellt,&nbsp; die&nbsp;z.B. wesentliche Erschwernisse und Risiken&nbsp; beim Einbau&nbsp; der geplanten Spundw\u00e4nde verschleiern sollten. Wurde hiermit eine &#8222;ergebnisoffene Planung&#8220; vorgestellt?&nbsp;&nbsp;<\/p>\n\n\n\n<p>Wir sind keine Richter, die ein solches Taktieren zu bewerten haben,&nbsp; Die B\u00fcrger Drensteinfurts sind aber nicht gehindert, eine Bewertung dieser Tatsachen selbst vorzunehmen und eigene Schl\u00fcsse daraus zu ziehen.<\/p>\n\n\n\n<p><a href=\"https:\/\/www.drensteinfurtwehrtsich.de\/Hochwasserschutz-2\/\">n\u00e4chste Seite (klicken)<\/a><\/p>\n\n\n\n<p><a href=\"https:\/\/www.drensteinfurtwehrtsich.de\/Fehlentwicklung-bei-der-Umgestaltung-die-faelschlich-als-Renaturierung-verkauft-wird\/\">\u00a0<\/a>\u00a0 \u00a0\u00a0<a href=\"https:\/\/www.drensteinfurtwehrtsich.de\/Ueber-uns\/\">\u00dcber uns<\/a>\u00a0\u00a0\u00a0 \u00a0\u00a0<a href=\"https:\/\/www.drensteinfurtwehrtsich.de\/Kontakt\/\">Kontakt<\/a>\u00a0 \u00a0 \u00a0<a href=\"https:\/\/www.drensteinfurtwehrtsich.de\/Hochwasser-Weihnachten-2023\/\"> Hochwasser 2023\/24<\/a>\u00a0 \u00a0 \u00a0<a href=\"https:\/\/www.drensteinfurtwehrtsich.de\/Die-europaeische-Rahmenrichtlinie\/\"> \u00a0Europ\u00e4ische Rahmenrichtlinie<\/a>\u00a0 \u00a0 \u00a0<a href=\"https:\/\/www.drensteinfurtwehrtsich.de\/Eine-Spundwand-wird-eingerammt\/\">Eine Spundwand wird\u00a0 eingerammt<\/a>\u00a0 \u00a0 \u00a0 <a href=\"https:\/\/www.drensteinfurtwehrtsich.de\/Spendenkonto\/\">\u00a0 Spendenkonto<\/a><\/p>\n\n\n\n<p><a href=\"https:\/\/www.drensteinfurtwehrtsich.de\/Zustand-und-Arbeitsweise-des-Stauwehrs-in-Drensteinfurt\/\">Zustand und Arbeitsweise des Wehrs in Drensteinfurt<\/a>&nbsp; &nbsp; &nbsp; &nbsp;<a href=\"https:\/\/www.drensteinfurtwehrtsich.de\/Eine-Moderne-Fischtreppe-ist-die-Loesung\/\"> Eine moderne Fischtreppe ist die L\u00f6sung<\/a><\/p>\n","protected":false},"excerpt":{"rendered":"<p>https:\/\/www.drensteinfurtwehrtsich.de Das Wehr bleibt, die Vernunft hat gesiegt Wie der nachstehenden Presseinformation der Stadt Drensteinfurt zu entnehmen ist, ist die Planungsvariante 11 sowie alle anderen Varianten, die die Beseitigung der Stauanlage zum Gegenstand hatten, endlich vom Tisch.&nbsp; Zwei Planungsauftr\u00e4ge wurden vergeben und etliche Fachgutachten erstellt, ca.&nbsp; 400. 000.- \u20ac an Planungskosten versenkt, damit endlich auf [&hellip;]<\/p>\n","protected":false},"author":1,"featured_media":0,"parent":0,"menu_order":0,"comment_status":"closed","ping_status":"closed","template":"","meta":{"footnotes":""},"class_list":["post-127","page","type-page","status-publish","hentry"],"_links":{"self":[{"href":"https:\/\/www.hellbachseiten.de\/index.php?rest_route=\/wp\/v2\/pages\/127","targetHints":{"allow":["GET"]}}],"collection":[{"href":"https:\/\/www.hellbachseiten.de\/index.php?rest_route=\/wp\/v2\/pages"}],"about":[{"href":"https:\/\/www.hellbachseiten.de\/index.php?rest_route=\/wp\/v2\/types\/page"}],"author":[{"embeddable":true,"href":"https:\/\/www.hellbachseiten.de\/index.php?rest_route=\/wp\/v2\/users\/1"}],"replies":[{"embeddable":true,"href":"https:\/\/www.hellbachseiten.de\/index.php?rest_route=%2Fwp%2Fv2%2Fcomments&post=127"}],"version-history":[{"count":2,"href":"https:\/\/www.hellbachseiten.de\/index.php?rest_route=\/wp\/v2\/pages\/127\/revisions"}],"predecessor-version":[{"id":130,"href":"https:\/\/www.hellbachseiten.de\/index.php?rest_route=\/wp\/v2\/pages\/127\/revisions\/130"}],"wp:attachment":[{"href":"https:\/\/www.hellbachseiten.de\/index.php?rest_route=%2Fwp%2Fv2%2Fmedia&parent=127"}],"curies":[{"name":"wp","href":"https:\/\/api.w.org\/{rel}","templated":true}]}}