{"id":159,"date":"2024-09-23T14:59:26","date_gmt":"2024-09-23T14:59:26","guid":{"rendered":"https:\/\/www.hellbachseiten.de\/?page_id=159"},"modified":"2024-09-23T15:04:41","modified_gmt":"2024-09-23T15:04:41","slug":"alternativvorschlaege-der-bi","status":"publish","type":"page","link":"https:\/\/www.hellbachseiten.de\/?page_id=159","title":{"rendered":"Alternativvorschl\u00e4ge der BI"},"content":{"rendered":"\n<div data-wp-interactive=\"core\/file\" class=\"wp-block-file\"><object data-wp-bind--hidden=\"!state.hasPdfPreview\" hidden class=\"wp-block-file__embed\" data=\"https:\/\/www.hellbachseiten.de\/wp-content\/uploads\/2024\/09\/Schaffung-der-Durchlaessigkeit-am-Hellbachteit_1.1-1.pdf\" type=\"application\/pdf\" style=\"width:100%;height:600px\" aria-label=\"Einbettung von Schaffung der Durchl\u00e4ssigkeit am Hellbachteit_1.1.\"><\/object><a id=\"wp-block-file--media-206c3eb4-fdc6-4418-9cc6-a9961dcbd61f\" href=\"https:\/\/www.hellbachseiten.de\/wp-content\/uploads\/2024\/09\/Schaffung-der-Durchlaessigkeit-am-Hellbachteit_1.1-1.pdf\">Schaffung der Durchl\u00e4ssigkeit am Hellbachteit_1.1<\/a><a href=\"https:\/\/www.hellbachseiten.de\/wp-content\/uploads\/2024\/09\/Schaffung-der-Durchlaessigkeit-am-Hellbachteit_1.1-1.pdf\" class=\"wp-block-file__button wp-element-button\" download aria-describedby=\"wp-block-file--media-206c3eb4-fdc6-4418-9cc6-a9961dcbd61f\">Herunterladen<\/a><\/div>\n\n\n\n<p>Sehr geehrte Damen und Herren,<\/p>\n\n\n\n<p>im Namen der B\u00fcrgerinitiative Hellbach freue ich mich, Ihnen eine Arbeit vorstellen zu d\u00fcrfen, die alternative L\u00f6sungen zu den gesetzlichen Verpflichtungen hinsichtlich der Renaturierung des Hellbachs bietet. W\u00e4hrend der R\u00fcckbau zweifellos der \u00f6kologisch wertvollste Schritt w\u00e4re, gibt es viele weitere Aspekte, die sorgf\u00e4ltig abgewogen werden m\u00fcssen. Unsere Vorschl\u00e4ge ber\u00fccksichtigen diese Anforderungen umfassend.<\/p>\n\n\n\n<p>Alle vorgeschlagenen Ma\u00dfnahmen sind f\u00f6rderf\u00e4hig und erf\u00fcllen die Anforderungen der einschl\u00e4gigen Gesetzeswerke wie dem Wasserhaushaltsgesetz (WHG), der Wasserrahmenrichtlinie (WRRL) und der Blauen Richtlinie. Dar\u00fcber hinaus bieten sie die M\u00f6glichkeit, F\u00f6rderungen f\u00fcr Hochwasserschutzma\u00dfnahmen in Anspruch zu nehmen. Diese Ma\u00dfnahmen sind Teil einer umfassenden Strategie zur Verbesserung des Hochwasserschutzes in Nordrhein-Westfalen.<\/p>\n\n\n\n<p>Da unsere Vorschl\u00e4ge keine Eingriffe in den Grundwasserhaushalt vorsehen, sind weitere Untersuchungen nicht notwendig. Eine Recherche im Kreisarchiv Warendorf (WAF) ergab, dass fr\u00fchere Ratsmitglieder aufgrund des Betriebs einer M\u00fclldeponie im Planungsgebiet vor einer m\u00f6glichen Grundwasserverschmutzung warnten. Daher verbieten sich Eingriffe mit Baggern zur Schaffung von M\u00e4andern im \u00f6stlichen Planungsgebiet vollst\u00e4ndig.<br>Dar\u00fcber hinaus m\u00f6chten wir darauf hinweisen, dass das \u00f6stlichste Planungsgebiet, wie es der Entwurf der Fa. DTP\/Fischer einplant, gem\u00e4\u00df ELWAS in einem Biotop und einem Landschaftsschutzgebiet liegt. Dieser Aspekt wurde bisher m\u00f6glicherweise nicht ber\u00fccksichtigt.<\/p>\n\n\n\n<p>Wir hoffen, dass unsere Vorschl\u00e4ge Ihr Interesse wecken und freuen uns auf einen konstruktiven Dialog.<\/p>\n","protected":false},"excerpt":{"rendered":"<p>Sehr geehrte Damen und Herren, im Namen der B\u00fcrgerinitiative Hellbach freue ich mich, Ihnen eine Arbeit vorstellen zu d\u00fcrfen, die alternative L\u00f6sungen zu den gesetzlichen Verpflichtungen hinsichtlich der Renaturierung des Hellbachs bietet. W\u00e4hrend der R\u00fcckbau zweifellos der \u00f6kologisch wertvollste Schritt w\u00e4re, gibt es viele weitere Aspekte, die sorgf\u00e4ltig abgewogen werden m\u00fcssen. Unsere Vorschl\u00e4ge ber\u00fccksichtigen diese [&hellip;]<\/p>\n","protected":false},"author":1,"featured_media":0,"parent":0,"menu_order":0,"comment_status":"closed","ping_status":"closed","template":"","meta":{"footnotes":""},"class_list":["post-159","page","type-page","status-publish","hentry"],"_links":{"self":[{"href":"https:\/\/www.hellbachseiten.de\/index.php?rest_route=\/wp\/v2\/pages\/159","targetHints":{"allow":["GET"]}}],"collection":[{"href":"https:\/\/www.hellbachseiten.de\/index.php?rest_route=\/wp\/v2\/pages"}],"about":[{"href":"https:\/\/www.hellbachseiten.de\/index.php?rest_route=\/wp\/v2\/types\/page"}],"author":[{"embeddable":true,"href":"https:\/\/www.hellbachseiten.de\/index.php?rest_route=\/wp\/v2\/users\/1"}],"replies":[{"embeddable":true,"href":"https:\/\/www.hellbachseiten.de\/index.php?rest_route=%2Fwp%2Fv2%2Fcomments&post=159"}],"version-history":[{"count":3,"href":"https:\/\/www.hellbachseiten.de\/index.php?rest_route=\/wp\/v2\/pages\/159\/revisions"}],"predecessor-version":[{"id":168,"href":"https:\/\/www.hellbachseiten.de\/index.php?rest_route=\/wp\/v2\/pages\/159\/revisions\/168"}],"wp:attachment":[{"href":"https:\/\/www.hellbachseiten.de\/index.php?rest_route=%2Fwp%2Fv2%2Fmedia&parent=159"}],"curies":[{"name":"wp","href":"https:\/\/api.w.org\/{rel}","templated":true}]}}